{"id":252,"date":"2023-11-19T07:37:20","date_gmt":"2023-11-19T07:37:20","guid":{"rendered":"https:\/\/manufaktur-orlowski.com\/?page_id=252"},"modified":"2024-02-04T15:10:14","modified_gmt":"2024-02-04T15:10:14","slug":"home-page2","status":"publish","type":"page","link":"https:\/\/manufaktur-orlowski.com\/","title":{"rendered":"MANUFAKTUR"},"content":{"rendered":"\t\t<div data-elementor-type=\"wp-page\" data-elementor-id=\"252\" class=\"elementor elementor-252\">\n\t\t\t\t<div class=\"elementor-element elementor-element-4b7b0ff e-con-full e-flex e-con e-parent\" data-id=\"4b7b0ff\" data-element_type=\"container\">\n\t\t<div class=\"elementor-element elementor-element-5cdf974 e-con-full e-flex e-con e-child\" data-id=\"5cdf974\" data-element_type=\"container\">\n\t\t\t\t<div class=\"elementor-element elementor-element-03e6853 elementor-widget elementor-widget-heading\" data-id=\"03e6853\" data-element_type=\"widget\" data-widget_type=\"heading.default\">\n\t\t\t\t<div class=\"elementor-widget-container\">\n\t\t\t\t\t<h2 class=\"elementor-heading-title elementor-size-default\">Herzlich Willkommen<\/h2>\t\t\t\t<\/div>\n\t\t\t\t<\/div>\n\t\t\t\t<div class=\"elementor-element elementor-element-0af3784 elementor-widget elementor-widget-heading\" data-id=\"0af3784\" data-element_type=\"widget\" data-widget_type=\"heading.default\">\n\t\t\t\t<div class=\"elementor-widget-container\">\n\t\t\t\t\t<h2 class=\"elementor-heading-title elementor-size-default\">in unserer \nManufaktur<\/h2>\t\t\t\t<\/div>\n\t\t\t\t<\/div>\n\t\t\t\t<\/div>\n\t\t\t\t<div class=\"elementor-element elementor-element-f06bdfd elementor-absolute e-transform elementor-widget elementor-widget-image\" data-id=\"f06bdfd\" data-element_type=\"widget\" data-settings=\"{&quot;_position&quot;:&quot;absolute&quot;,&quot;_transform_translateX_effect&quot;:{&quot;unit&quot;:&quot;px&quot;,&quot;size&quot;:207,&quot;sizes&quot;:[]},&quot;_transform_translateY_effect&quot;:{&quot;unit&quot;:&quot;px&quot;,&quot;size&quot;:25,&quot;sizes&quot;:[]},&quot;_transform_translateX_effect_tablet&quot;:{&quot;unit&quot;:&quot;px&quot;,&quot;size&quot;:&quot;&quot;,&quot;sizes&quot;:[]},&quot;_transform_translateX_effect_mobile&quot;:{&quot;unit&quot;:&quot;px&quot;,&quot;size&quot;:&quot;&quot;,&quot;sizes&quot;:[]},&quot;_transform_translateY_effect_tablet&quot;:{&quot;unit&quot;:&quot;px&quot;,&quot;size&quot;:&quot;&quot;,&quot;sizes&quot;:[]},&quot;_transform_translateY_effect_mobile&quot;:{&quot;unit&quot;:&quot;px&quot;,&quot;size&quot;:&quot;&quot;,&quot;sizes&quot;:[]}}\" data-widget_type=\"image.default\">\n\t\t\t\t<div class=\"elementor-widget-container\">\n\t\t\t\t\t\t\t\t\t\t\t\t\t\t\t<img fetchpriority=\"high\" decoding=\"async\" width=\"585\" height=\"1536\" src=\"https:\/\/manufaktur-orlowski.com\/wp-content\/uploads\/2023\/11\/c-o-z-585x1536.png\" class=\"attachment-1536x1536 size-1536x1536 wp-image-609\" alt=\"\" srcset=\"https:\/\/manufaktur-orlowski.com\/wp-content\/uploads\/2023\/11\/c-o-z-585x1536.png 585w, https:\/\/manufaktur-orlowski.com\/wp-content\/uploads\/2023\/11\/c-o-z-114x300.png 114w, https:\/\/manufaktur-orlowski.com\/wp-content\/uploads\/2023\/11\/c-o-z-390x1024.png 390w, https:\/\/manufaktur-orlowski.com\/wp-content\/uploads\/2023\/11\/c-o-z-768x2016.png 768w, https:\/\/manufaktur-orlowski.com\/wp-content\/uploads\/2023\/11\/c-o-z-780x2048.png 780w, https:\/\/manufaktur-orlowski.com\/wp-content\/uploads\/2023\/11\/c-o-z.png 1279w\" sizes=\"(max-width: 585px) 100vw, 585px\" \/>\t\t\t\t\t\t\t\t\t\t\t\t\t\t\t<\/div>\n\t\t\t\t<\/div>\n\t\t<div class=\"elementor-element elementor-element-0e3261b e-con-full e-flex e-con e-child\" data-id=\"0e3261b\" data-element_type=\"container\">\n\t\t\t\t<\/div>\n\t\t\t\t<\/div>\n\t\t<div class=\"elementor-element elementor-element-7fe9361 e-con-full e-flex e-con e-parent\" data-id=\"7fe9361\" data-element_type=\"container\" data-settings=\"{&quot;background_background&quot;:&quot;classic&quot;}\">\n\t\t<div class=\"elementor-element elementor-element-6c94b1b e-con-full e-flex e-con e-child\" data-id=\"6c94b1b\" data-element_type=\"container\">\n\t\t\t\t<div class=\"elementor-element elementor-element-9f33a4c elementor-widget__width-initial elementor-widget elementor-widget-text-editor\" data-id=\"9f33a4c\" data-element_type=\"widget\" data-widget_type=\"text-editor.default\">\n\t\t\t\t<div class=\"elementor-widget-container\">\n\t\t\t\t\t\t\t\t\t<p>Wir sind eine Manufaktur f\u00fcr alle Holzblasinstrumente, angefangen von Piccolo \u2013 Fl\u00f6te bis zum Kontrafagott. Seit \u00fcber zwanzig Jahren helfen wir den Musikern bei allen ihren Fragen oder Problemen, die mit ihrem Instrument zusammenh\u00e4ngen.<\/p><p>Unsere Kundschaft ist international gelagert, was die Arbeit mit den Musikern noch mehr interessanter und inspirierender f\u00fcr uns macht. So vielschichtig wie die Musik, sind auch unsere Musiker, wir m\u00f6chten diese Einzigartigkeit jedes Einzelnen mit ihrem Instrument herausarbeiten und hervorheben.<\/p>\t\t\t\t\t\t\t\t<\/div>\n\t\t\t\t<\/div>\n\t\t\t\t<\/div>\n\t\t\t\t<\/div>\n\t\t<div class=\"elementor-element elementor-element-f94a574 e-con-full e-flex e-con e-parent\" data-id=\"f94a574\" data-element_type=\"container\" data-settings=\"{&quot;background_background&quot;:&quot;classic&quot;}\">\n\t\t\t\t<div class=\"elementor-element elementor-element-8ed445f elementor-widget elementor-widget-heading\" data-id=\"8ed445f\" data-element_type=\"widget\" data-widget_type=\"heading.default\">\n\t\t\t\t<div class=\"elementor-widget-container\">\n\t\t\t\t\t<h2 class=\"elementor-heading-title elementor-size-default\">Was wir bieten<\/h2>\t\t\t\t<\/div>\n\t\t\t\t<\/div>\n\t\t<div class=\"elementor-element elementor-element-dbfec87 e-con-full e-flex e-con e-child\" data-id=\"dbfec87\" data-element_type=\"container\">\n\t\t\t\t<div class=\"elementor-element elementor-element-58b3bd0 elementor-widget elementor-widget-image\" data-id=\"58b3bd0\" data-element_type=\"widget\" data-widget_type=\"image.default\">\n\t\t\t\t<div class=\"elementor-widget-container\">\n\t\t\t\t\t\t\t\t\t\t\t\t\t\t\t\t<a href=\"https:\/\/manufaktur-orlowski.com\/?page_id=349\">\n\t\t\t\t\t\t\t<img decoding=\"async\" width=\"448\" height=\"592\" src=\"https:\/\/manufaktur-orlowski.com\/wp-content\/uploads\/2023\/11\/c-1-1.png\" class=\"attachment-large size-large wp-image-625\" alt=\"\" srcset=\"https:\/\/manufaktur-orlowski.com\/wp-content\/uploads\/2023\/11\/c-1-1.png 448w, https:\/\/manufaktur-orlowski.com\/wp-content\/uploads\/2023\/11\/c-1-1-227x300.png 227w\" sizes=\"(max-width: 448px) 100vw, 448px\" \/>\t\t\t\t\t\t\t\t<\/a>\n\t\t\t\t\t\t\t\t\t\t\t\t\t\t\t<\/div>\n\t\t\t\t<\/div>\n\t\t\t\t<div class=\"elementor-element elementor-element-b45c6d4 elementor-widget elementor-widget-image\" data-id=\"b45c6d4\" data-element_type=\"widget\" data-widget_type=\"image.default\">\n\t\t\t\t<div class=\"elementor-widget-container\">\n\t\t\t\t\t\t\t\t\t\t\t\t\t\t\t\t<a href=\"https:\/\/manufaktur-orlowski.com\/?page_id=349\">\n\t\t\t\t\t\t\t<img decoding=\"async\" width=\"448\" height=\"592\" src=\"https:\/\/manufaktur-orlowski.com\/wp-content\/uploads\/2023\/11\/c-2-2.png\" class=\"attachment-medium_large size-medium_large wp-image-629\" alt=\"\" srcset=\"https:\/\/manufaktur-orlowski.com\/wp-content\/uploads\/2023\/11\/c-2-2.png 448w, https:\/\/manufaktur-orlowski.com\/wp-content\/uploads\/2023\/11\/c-2-2-227x300.png 227w\" sizes=\"(max-width: 448px) 100vw, 448px\" \/>\t\t\t\t\t\t\t\t<\/a>\n\t\t\t\t\t\t\t\t\t\t\t\t\t\t\t<\/div>\n\t\t\t\t<\/div>\n\t\t\t\t<div class=\"elementor-element elementor-element-5c6ec91 elementor-widget elementor-widget-image\" data-id=\"5c6ec91\" data-element_type=\"widget\" data-widget_type=\"image.default\">\n\t\t\t\t<div class=\"elementor-widget-container\">\n\t\t\t\t\t\t\t\t\t\t\t\t\t\t\t\t<a href=\"https:\/\/manufaktur-orlowski.com\/?page_id=435\">\n\t\t\t\t\t\t\t<img loading=\"lazy\" decoding=\"async\" width=\"448\" height=\"592\" src=\"https:\/\/manufaktur-orlowski.com\/wp-content\/uploads\/2023\/11\/c-3-3.png\" class=\"attachment-1536x1536 size-1536x1536 wp-image-633\" alt=\"\" srcset=\"https:\/\/manufaktur-orlowski.com\/wp-content\/uploads\/2023\/11\/c-3-3.png 448w, https:\/\/manufaktur-orlowski.com\/wp-content\/uploads\/2023\/11\/c-3-3-227x300.png 227w\" sizes=\"(max-width: 448px) 100vw, 448px\" \/>\t\t\t\t\t\t\t\t<\/a>\n\t\t\t\t\t\t\t\t\t\t\t\t\t\t\t<\/div>\n\t\t\t\t<\/div>\n\t\t\t\t<div class=\"elementor-element elementor-element-de77a12 elementor-widget elementor-widget-image\" data-id=\"de77a12\" data-element_type=\"widget\" data-widget_type=\"image.default\">\n\t\t\t\t<div class=\"elementor-widget-container\">\n\t\t\t\t\t\t\t\t\t\t\t\t\t\t\t<img loading=\"lazy\" decoding=\"async\" width=\"448\" height=\"592\" src=\"https:\/\/manufaktur-orlowski.com\/wp-content\/uploads\/2023\/11\/c-4-4.png\" class=\"attachment-full size-full wp-image-637\" alt=\"\" srcset=\"https:\/\/manufaktur-orlowski.com\/wp-content\/uploads\/2023\/11\/c-4-4.png 448w, https:\/\/manufaktur-orlowski.com\/wp-content\/uploads\/2023\/11\/c-4-4-227x300.png 227w\" sizes=\"(max-width: 448px) 100vw, 448px\" \/>\t\t\t\t\t\t\t\t\t\t\t\t\t\t\t<\/div>\n\t\t\t\t<\/div>\n\t\t\t\t<\/div>\n\t\t\t\t<\/div>\n\t\t<div class=\"elementor-element elementor-element-0d66bab e-con-full e-flex e-con e-parent\" data-id=\"0d66bab\" data-element_type=\"container\">\n\t\t\t\t<div class=\"elementor-element elementor-element-cc62a21 elementor-widget__width-inherit elementor-arrows-position-inside elementor-pagination-position-outside elementor-widget elementor-widget-image-carousel\" data-id=\"cc62a21\" data-element_type=\"widget\" data-settings=\"{&quot;slides_to_show&quot;:&quot;1&quot;,&quot;navigation&quot;:&quot;both&quot;,&quot;autoplay&quot;:&quot;yes&quot;,&quot;pause_on_hover&quot;:&quot;yes&quot;,&quot;pause_on_interaction&quot;:&quot;yes&quot;,&quot;autoplay_speed&quot;:5000,&quot;infinite&quot;:&quot;yes&quot;,&quot;effect&quot;:&quot;slide&quot;,&quot;speed&quot;:500}\" data-widget_type=\"image-carousel.default\">\n\t\t\t\t<div class=\"elementor-widget-container\">\n\t\t\t\t\t\t\t<div class=\"elementor-image-carousel-wrapper swiper\" role=\"region\" aria-roledescription=\"carousel\" aria-label=\"Bild Karussell\" dir=\"ltr\">\n\t\t\t<div class=\"elementor-image-carousel swiper-wrapper swiper-image-stretch\" aria-live=\"off\">\n\t\t\t\t\t\t\t\t<div class=\"swiper-slide\" role=\"group\" aria-roledescription=\"slide\" aria-label=\"1 von 3\"><figure class=\"swiper-slide-inner\"><img decoding=\"async\" class=\"swiper-slide-image\" src=\"https:\/\/manufaktur-orlowski.com\/wp-content\/uploads\/2023\/11\/glaeria-1-e1700406572885.webp\" alt=\"glaeria-1\" \/><\/figure><\/div><div class=\"swiper-slide\" role=\"group\" aria-roledescription=\"slide\" aria-label=\"2 von 3\"><figure class=\"swiper-slide-inner\"><img decoding=\"async\" class=\"swiper-slide-image\" src=\"https:\/\/manufaktur-orlowski.com\/wp-content\/uploads\/2023\/11\/galeria-2-e1700406624548.webp\" alt=\"galeria-2\" \/><\/figure><\/div><div class=\"swiper-slide\" role=\"group\" aria-roledescription=\"slide\" aria-label=\"3 von 3\"><figure class=\"swiper-slide-inner\"><img decoding=\"async\" class=\"swiper-slide-image\" src=\"https:\/\/manufaktur-orlowski.com\/wp-content\/uploads\/2023\/11\/galeria-3.webp\" alt=\"galeria-3\" \/><\/figure><\/div>\t\t\t<\/div>\n\t\t\t\t\t\t\t\t\t\t\t\t<div class=\"elementor-swiper-button elementor-swiper-button-prev\" role=\"button\" tabindex=\"0\">\n\t\t\t\t\t\t<svg aria-hidden=\"true\" class=\"e-font-icon-svg e-eicon-chevron-left\" viewBox=\"0 0 1000 1000\" xmlns=\"http:\/\/www.w3.org\/2000\/svg\"><path d=\"M646 125C629 125 613 133 604 142L308 442C296 454 292 471 292 487 292 504 296 521 308 533L604 854C617 867 629 875 646 875 663 875 679 871 692 858 704 846 713 829 713 812 713 796 708 779 692 767L438 487 692 225C700 217 708 204 708 187 708 171 704 154 692 142 675 129 663 125 646 125Z\"><\/path><\/svg>\t\t\t\t\t<\/div>\n\t\t\t\t\t<div class=\"elementor-swiper-button elementor-swiper-button-next\" role=\"button\" tabindex=\"0\">\n\t\t\t\t\t\t<svg aria-hidden=\"true\" class=\"e-font-icon-svg e-eicon-chevron-right\" viewBox=\"0 0 1000 1000\" xmlns=\"http:\/\/www.w3.org\/2000\/svg\"><path d=\"M696 533C708 521 713 504 713 487 713 471 708 454 696 446L400 146C388 133 375 125 354 125 338 125 325 129 313 142 300 154 292 171 292 187 292 204 296 221 308 233L563 492 304 771C292 783 288 800 288 817 288 833 296 850 308 863 321 871 338 875 354 875 371 875 388 867 400 854L696 533Z\"><\/path><\/svg>\t\t\t\t\t<\/div>\n\t\t\t\t\n\t\t\t\t\t\t\t\t\t<div class=\"swiper-pagination\"><\/div>\n\t\t\t\t\t\t\t\t\t<\/div>\n\t\t\t\t\t\t<\/div>\n\t\t\t\t<\/div>\n\t\t\t\t<\/div>\n\t\t<div class=\"elementor-element elementor-element-b5ab887 e-con-full e-flex e-con e-parent\" data-id=\"b5ab887\" data-element_type=\"container\">\n\t\t\t\t<div class=\"elementor-element elementor-element-a65686c elementor-widget elementor-widget-text-editor\" data-id=\"a65686c\" data-element_type=\"widget\" data-widget_type=\"text-editor.default\">\n\t\t\t\t<div class=\"elementor-widget-container\">\n\t\t\t\t\t\t\t\t\t<p>Wir freuen uns \u00fcber <br \/>Ihre Anfrage<\/p>\t\t\t\t\t\t\t\t<\/div>\n\t\t\t\t<\/div>\n\t\t\t\t<\/div>\n\t\t<div class=\"elementor-element elementor-element-236c3e5 e-con-full e-flex e-con e-parent\" data-id=\"236c3e5\" data-element_type=\"container\">\n\t\t<div class=\"elementor-element elementor-element-37ad376 e-con-full e-flex e-con e-child\" data-id=\"37ad376\" data-element_type=\"container\" data-settings=\"{&quot;background_background&quot;:&quot;classic&quot;}\">\n\t\t\t\t<div class=\"elementor-element elementor-element-50c9917 elementor-widget elementor-widget-text-editor\" data-id=\"50c9917\" data-element_type=\"widget\" data-widget_type=\"text-editor.default\">\n\t\t\t\t<div class=\"elementor-widget-container\">\n\t\t\t\t\t\t\t\t\t<p><strong>Manufaktur Orlowski<\/strong><\/p><p>Oberhauser Stra\u00dfe 13A,<br \/>13583 Berlin<br \/>Deutschland<\/p><p>Tel.: +49 3065941036<br \/>Fax: +49 3065941887<\/p><p>Mail: oboe@isabella-berlin.com<br \/><br \/><\/p><p>Hier finden sie uns.<\/p>\t\t\t\t\t\t\t\t<\/div>\n\t\t\t\t<\/div>\n\t\t\t\t<div class=\"elementor-element elementor-element-df6f385 elementor-widget elementor-widget-google_maps\" data-id=\"df6f385\" data-element_type=\"widget\" data-widget_type=\"google_maps.default\">\n\t\t\t\t<div class=\"elementor-widget-container\">\n\t\t\t\t\t\t\t<div class=\"elementor-custom-embed\">\n\t\t\t<iframe loading=\"lazy\"\n\t\t\t\t\tsrc=\"https:\/\/maps.google.com\/maps?q=Oberhauser%20Stra%C3%9Fe%2013a%2C%2013583%20Berlin%20Deutschland&#038;t=m&#038;z=11&#038;output=embed&#038;iwloc=near\"\n\t\t\t\t\ttitle=\"Oberhauser Stra\u00dfe 13a, 13583 Berlin Deutschland\"\n\t\t\t\t\taria-label=\"Oberhauser Stra\u00dfe 13a, 13583 Berlin Deutschland\"\n\t\t\t><\/iframe>\n\t\t<\/div>\n\t\t\t\t\t\t<\/div>\n\t\t\t\t<\/div>\n\t\t\t\t<\/div>\n\t\t<div class=\"elementor-element elementor-element-c2b833a e-con-full e-flex e-con e-child\" data-id=\"c2b833a\" data-element_type=\"container\">\n\t\t\t\t<div class=\"elementor-element elementor-element-374f1d2 elementor-widget elementor-widget-wpforms\" data-id=\"374f1d2\" data-element_type=\"widget\" data-widget_type=\"wpforms.default\">\n\t\t\t\t<div class=\"elementor-widget-container\">\n\t\t\t\t\t<style id=\"wpforms-css-vars-elementor-widget-374f1d2\">\n\t\t\t\t.elementor-widget-wpforms.elementor-element-374f1d2 {\n\t\t\t\t--wpforms-field-background-color: #444444;\n--wpforms-field-border-color: #B59F70;\n--wpforms-field-border-color-spare: #B59F70;\n--wpforms-field-text-color: #FFFFFF;\n--wpforms-label-color: #FFFFFFD9;\n--wpforms-label-sublabel-color: #FFFFFF8C;\n--wpforms-button-background-color: #B59F70;\n--wpforms-field-size-input-height: 31px;\n--wpforms-field-size-input-spacing: 10px;\n--wpforms-field-size-font-size: 14px;\n--wpforms-field-size-line-height: 17px;\n--wpforms-field-size-padding-h: 9px;\n--wpforms-field-size-checkbox-size: 14px;\n--wpforms-field-size-sublabel-spacing: 5px;\n--wpforms-field-size-icon-size: 0.75;\n\t\t\t}\n\t\t\t<\/style><div class=\"wpforms-container wpforms-container-full wpforms-render-modern\" id=\"wpforms-329\"><form id=\"wpforms-form-329\" class=\"wpforms-validate wpforms-form wpforms-ajax-form\" data-formid=\"329\" method=\"post\" enctype=\"multipart\/form-data\" action=\"\/index.php?rest_route=%2Fwp%2Fv2%2Fpages%2F252\" data-token=\"2c942a8b2ab983a986296e7faba6c19c\" data-token-time=\"1777468027\"><noscript class=\"wpforms-error-noscript\">Bitte aktiviere JavaScript in deinem Browser, um dieses Formular fertigzustellen.<\/noscript><div id=\"wpforms-error-noscript\" style=\"display: none;\">Bitte aktiviere JavaScript in deinem Browser, um dieses Formular fertigzustellen.<\/div><div class=\"wpforms-field-container\"><div id=\"wpforms-329-field_0-container\" class=\"wpforms-field wpforms-field-name\" data-field-id=\"0\"><fieldset><legend class=\"wpforms-field-label\">Name <span class=\"wpforms-required-label\" aria-hidden=\"true\">*<\/span><\/legend><div class=\"wpforms-field-row wpforms-field-medium\"><div class=\"wpforms-field-row-block wpforms-first wpforms-one-half\"><input type=\"text\" id=\"wpforms-329-field_0\" class=\"wpforms-field-name-first wpforms-field-required\" name=\"wpforms[fields][0][first]\" placeholder=\"Vorname\" aria-errormessage=\"wpforms-329-field_0-error\" required><label for=\"wpforms-329-field_0\" class=\"wpforms-field-sublabel after wpforms-sublabel-hide\">Vorname<\/label><\/div><div class=\"wpforms-field-row-block wpforms-one-half\"><input type=\"text\" id=\"wpforms-329-field_0-last\" class=\"wpforms-field-name-last wpforms-field-required\" name=\"wpforms[fields][0][last]\" placeholder=\"Nachname\" aria-errormessage=\"wpforms-329-field_0-last-error\" required><label for=\"wpforms-329-field_0-last\" class=\"wpforms-field-sublabel after wpforms-sublabel-hide\">Nachname<\/label><\/div><\/div><\/fieldset><\/div><div id=\"wpforms-329-field_1-container\" class=\"wpforms-field wpforms-field-email\" data-field-id=\"1\"><label class=\"wpforms-field-label\" for=\"wpforms-329-field_1\">Email <span class=\"wpforms-required-label\" aria-hidden=\"true\">*<\/span><\/label><input type=\"email\" id=\"wpforms-329-field_1\" class=\"wpforms-field-medium wpforms-field-required\" name=\"wpforms[fields][1]\" spellcheck=\"false\" aria-errormessage=\"wpforms-329-field_1-error\" required><\/div><div id=\"wpforms-329-field_3-container\" class=\"wpforms-field wpforms-field-checkbox\" data-field-id=\"3\"><fieldset><legend class=\"wpforms-field-label\"> <span class=\"wpforms-required-label\" aria-hidden=\"true\">*<\/span><\/legend><ul id=\"wpforms-329-field_3\" class=\"wpforms-field-required\"><li class=\"choice-1 depth-1\"><input type=\"checkbox\" id=\"wpforms-329-field_3_1\" name=\"wpforms[fields][3][]\" value=\"Sie erkl\u00e4ren sich mit dem Absenden des Kontaktformulares damit einverstanden, dass Ihre eingegebenen Daten zur Bearbeitung Ihres Anliegens verwendet werden. (Widerrufshinweise und weitere Informationen finden Sie in der Datenschutzerkl\u00e4rung.)\" aria-errormessage=\"wpforms-329-field_3_1-error\" required ><label class=\"wpforms-field-label-inline\" for=\"wpforms-329-field_3_1\">Sie erkl\u00e4ren sich mit dem Absenden des Kontaktformulares damit einverstanden, dass Ihre eingegebenen Daten zur Bearbeitung Ihres Anliegens verwendet werden. (Widerrufshinweise und weitere Informationen finden Sie in der Datenschutzerkl\u00e4rung.)<\/label><\/li><\/ul><\/fieldset><\/div><div id=\"wpforms-329-field_2-container\" class=\"wpforms-field wpforms-field-textarea\" data-field-id=\"2\"><label class=\"wpforms-field-label\" for=\"wpforms-329-field_2\">Nachricht<\/label><textarea id=\"wpforms-329-field_2\" class=\"wpforms-field-medium\" name=\"wpforms[fields][2]\" aria-errormessage=\"wpforms-329-field_2-error\" ><\/textarea><\/div><\/div><!-- .wpforms-field-container --><div class=\"wpforms-recaptcha-container wpforms-is-recaptcha wpforms-is-recaptcha-type-v2\" ><div class=\"g-recaptcha\" data-sitekey=\"6Lc9vqApAAAAANf_iJtkPYHjwesfU1K-yUMl9w2b\"><\/div><input type=\"text\" name=\"g-recaptcha-hidden\" class=\"wpforms-recaptcha-hidden\" style=\"position:absolute!important;clip:rect(0,0,0,0)!important;height:1px!important;width:1px!important;border:0!important;overflow:hidden!important;padding:0!important;margin:0!important;\" data-rule-recaptcha=\"1\"><\/div><div class=\"wpforms-submit-container\" ><input type=\"hidden\" name=\"wpforms[id]\" value=\"329\"><input type=\"hidden\" name=\"page_title\" value=\"\"><input type=\"hidden\" name=\"page_url\" value=\"https:\/\/manufaktur-orlowski.com\/index.php?rest_route=\/wp\/v2\/pages\/252\"><input type=\"hidden\" name=\"url_referer\" value=\"\"><button type=\"submit\" name=\"wpforms[submit]\" id=\"wpforms-submit-329\" class=\"wpforms-submit\" data-alt-text=\"Sending...\" data-submit-text=\"ABSENDEN\" aria-live=\"assertive\" value=\"wpforms-submit\">ABSENDEN<\/button><img loading=\"lazy\" decoding=\"async\" src=\"https:\/\/manufaktur-orlowski.com\/wp-content\/plugins\/wpforms-lite\/assets\/images\/submit-spin.svg\" class=\"wpforms-submit-spinner\" style=\"display: none;\" width=\"26\" height=\"26\" alt=\"Wird geladen\"><\/div><\/form><\/div>  <!-- .wpforms-container -->\t\t\t\t<\/div>\n\t\t\t\t<\/div>\n\t\t\t\t<\/div>\n\t\t\t\t<\/div>\n\t\t\t\t<\/div>\n\t\t","protected":false},"excerpt":{"rendered":"<p>Herzlich Willkommen in unserer Manufaktur Wir sind eine Manufaktur f\u00fcr alle Holzblasinstrumente, angefangen von Piccolo \u2013 Fl\u00f6te bis zum Kontrafagott. Seit \u00fcber zwanzig Jahren helfen wir den Musikern bei allen ihren Fragen oder Problemen, die mit ihrem Instrument zusammenh\u00e4ngen. Unsere Kundschaft ist international gelagert, was die Arbeit mit den Musikern noch mehr interessanter und inspirierender [&hellip;]<\/p>\n","protected":false},"author":3,"featured_media":0,"parent":0,"menu_order":0,"comment_status":"closed","ping_status":"closed","template":"","meta":{"footnotes":""},"lang":"de","translations":{"de":252,"en":1125},"jetpack_sharing_enabled":true,"pll_sync_post":[],"_links":{"self":[{"href":"https:\/\/manufaktur-orlowski.com\/index.php?rest_route=\/wp\/v2\/pages\/252"}],"collection":[{"href":"https:\/\/manufaktur-orlowski.com\/index.php?rest_route=\/wp\/v2\/pages"}],"about":[{"href":"https:\/\/manufaktur-orlowski.com\/index.php?rest_route=\/wp\/v2\/types\/page"}],"author":[{"embeddable":true,"href":"https:\/\/manufaktur-orlowski.com\/index.php?rest_route=\/wp\/v2\/users\/3"}],"replies":[{"embeddable":true,"href":"https:\/\/manufaktur-orlowski.com\/index.php?rest_route=%2Fwp%2Fv2%2Fcomments&post=252"}],"version-history":[{"count":306,"href":"https:\/\/manufaktur-orlowski.com\/index.php?rest_route=\/wp\/v2\/pages\/252\/revisions"}],"predecessor-version":[{"id":1461,"href":"https:\/\/manufaktur-orlowski.com\/index.php?rest_route=\/wp\/v2\/pages\/252\/revisions\/1461"}],"wp:attachment":[{"href":"https:\/\/manufaktur-orlowski.com\/index.php?rest_route=%2Fwp%2Fv2%2Fmedia&parent=252"}],"curies":[{"name":"wp","href":"https:\/\/api.w.org\/{rel}","templated":true}]}}